 What is the highest common divisor of 48 and p?
16
Suppose 74 = 6*b - 112. Calculate the greatest common factor of b and 589.
31
Let w(d) = -5 - d**2 - 7*d**2 + d**3 + d**2 - d + 10. Let m be w(7). Let g be m/6*(-36 - 0). What is the greatest common divisor of 108 and g?
12
Suppose 4*o - 525 - 7 = 0. What is the greatest common factor of 1197 and o?
133
Let g be 4/22 + (-1631)/77. Let w = 27 + g. Suppose w*y - 10*y = -80. Calculate the greatest common factor of y and 10.
10
Suppose 0 = 7*t - 34 - 78. What is the greatest common factor of t and 2?
2
Suppose 32 = -0*r + 4*r. Suppose 0 = -2*w - r, w - 4*w = c - 46. What is the highest common factor of 145 and c?
29
Let i(r) = -8*r**2 + 6. Let a(c) = c**2 - c. Let v(x) = 5*a(x) + i(x). Let o be v(-5). Let h be 6/(-4)*o/6. What is the greatest common divisor of h and 11?
11
Suppose 3*q - 2 = 2*q. Let x = -17 + 13. Let j be 60/25 - x/(-10). Calculate the greatest common divisor of j and q.
2
Let s = 70 + 25. Let x be 30/(-20)*38/(-3). Calculate the greatest common factor of x and s.
19
Suppose -22*l + 128 = -20*l. What is the highest common divisor of l and 16?
16
Suppose -5*j + 150 = -10*j. Let f be (4 + 1)*j/(-25). Suppose -2 = 2*p - f. Calculate the greatest common factor of 1 and p.
1
Suppose -5*c + 5*f = 2*f - 268, -3*f = -c + 56. What is the greatest common divisor of c and 53?
53
Let c be 1*(0 - 2)*57/38. Let b be (-59)/c - (-5)/15*-2. Calculate the greatest common factor of b and 19.
19
Let i be 2 + (-20)/(-2) + 5. Calculate the highest common divisor of i and 68.
17
Suppose 5*c = -5*w + 10, 3*c - 4*c = -4*w - 22. Calculate the highest common divisor of c and 39.
3
Let z = 30 - 16. Suppose -4*s = 3*s - z. Calculate the highest common divisor of s and 22.
2
Suppose 11*f - 39 = 10*f. Calculate the highest common divisor of f and 91.
13
Let h(x) = -4113*x**3 + 7*x**2 - 12*x - 18. Let l be h(-1). What is the highest common divisor of 121 and l?
121
Let m = -4 + 16. Let t be (m - 14)*2*2. Let f(p) = -p**3 - 7*p**2 + 7*p + 4. Let u be f(t). Calculate the greatest common factor of 4 and u.
4
Let f(q) = 21*q + 3. Let a be f(5). Let k = 76 - a. Let o be (3 + -4)/(1/k). What is the greatest common divisor of o and 160?
32
Let o(i) = i**3 + 8*i**2 - 18*i + 44. Let t be o(-10). What is the greatest common factor of 108 and t?
12
Suppose -68*y + 54*y + 378 = 0. Calculate the highest common factor of y and 2.
1
Let a = 30 + -34. Let s be 1/(-2) - 50/a. What is the greatest common factor of s and 4?
4
Let o = -919 - -973. Let f(p) = p**2 - 2*p - 6. Suppose r + 3*r + 16 = 0. Let s be f(r). What is the greatest common divisor of s and o?
18
Let w = 2 - -19. Let i(f) = f**3 + 24*f**2 - 257*f - 18. Let l be i(-32). What is the greatest common divisor of w and l?
7
Suppose 3*z - 95 = 4. Suppose 16 + 0 = s + u, -65 = -5*s - 2*u. What is the highest common divisor of z and s?
11
Suppose -44 = 3*v + 5*x, 0*v - v + 3*x - 10 = 0. Let j(i) = i**2 + 13*i + 13. Let o be j(v). What is the greatest common divisor of 52 and o?
13
Let v = -1461 + 1583. What is the highest common divisor of 427 and v?
61
Let z(x) = 4*x**2 + 76*x + 7. Let d(p) = -p**2 - 19*p - 2. Let l(i) = 9*d(i) + 2*z(i). Let q be l(-8). What is the greatest common factor of q and 126?
42
Let c(z) = -3*z**2 - 23*z - 22. Let w be c(-6). What is the greatest common factor of 508 and w?
4
Suppose -498 - 502 = -50*r. What is the greatest common divisor of 4 and r?
4
Suppose 0 = a - m - 1, 5*a + 7*m - 2*m = 5. Let c = a + 10. What is the greatest common factor of 11 and c?
11
Suppose -5*w + 0*w - i = -100, 0 = -4*w - 2*i + 74. Suppose -16*r - 50 = -w*r. Calculate the greatest common divisor of r and 2.
2
Let z(k) = 117*k - 115. Let i be z(7). What is the highest common divisor of i and 16?
16
Let v(i) = i**2 + 3*i - 9. Let t be -12*(2 + (-33)/9). Let g = 23 - t. Let m be v(g). Calculate the greatest common divisor of m and 18.
9
Suppose 0 = 10*n + 40*n - 2250. What is the greatest common factor of n and 25?
5
Suppose -2*z - o = -3*o + 50, 12 = 3*o. Let p = z - -34. What is the greatest common factor of p and 91?
13
Let a = 23 - -5. Let x(v) = -16*v**3 - v**2 + 1. Let k be x(-1). Let i = 23 - k. Calculate the highest common divisor of i and a.
7
Suppose 2*h - 4*m - m + 15 = 0, h + 5*m = 15. Suppose 31*u - 34*u + 90 = h. Suppose -l + 3*l = 12. What is the greatest common divisor of l and u?
6
Let s = -47 - -46. Let o be (-10)/4*s*3*2. Calculate the highest common divisor of 30 and o.
15
Let b(o) = 36*o**3 + o**2 - 2*o + 1. Let c be b(1). Suppose -l - 2 = 0, u + 1 - c = 5*l. Let d be -3*1*(-10)/6. What is the highest common factor of u and d?
5
Suppose -t = 4, 2*t + 69 = -3*i + 265. Calculate the highest common divisor of 221 and i.
17
Let q = 68 + -56. Calculate the greatest common factor of q and 3.
3
Let j(w) = -2 + 4 + 0 - 2*w. Let x be j(-2). Suppose 101 + 25 = 3*a. Calculate the highest common factor of a and x.
6
Suppose 6*g = g + 85. Let x be (-2 - -6) + (-2)/4*-366. Calculate the greatest common factor of x and g.
17
Let o = -30 + 17. Let v be -1*o/(26/28). Calculate the highest common factor of 266 and v.
14
Suppose 0 = 11*g - 23*g + 480. Calculate the greatest common factor of 10 and g.
10
Let n(t) = -92*t - 160. Let k be n(-14). What is the highest common divisor of 24 and k?
24
Let g be 6 + ((-7)/21)/(1/3). Let t be ((-111)/(-6) - g) + (-2)/(-4). What is the greatest common factor of t and 14?
14
Suppose 0*v = -2*v + 18. Let c = 13 - 9. Suppose 3*s + c*a = 277, -7*s + 3*s + 371 = 5*a. Calculate the greatest common factor of v and s.
9
Let m be (2 + (-9)/2 + 2)*-64. Suppose -2*j = z - 12, -6 + 1 = -5*z + j. What is the greatest common factor of m and z?
2
Suppose v + 4*a + 43 = 2*v, 25 = -5*a. Let c = v - 8. Suppose y = 1, 5*u + 2*y - 4*y - 823 = 0. What is the highest common divisor of c and u?
15
Suppose -4*c + 8*z = 13*z - 80, -2*c + z + 26 = 0. Let i be 41/4 + 3/(-12). Calculate the highest common divisor of i and c.
5
Let o = 90 - 94. Let l(y) = -3*y**3 - 3*y**2 - 7*y - 7. Let p be l(o). Calculate the greatest common factor of 110 and p.
55
Let r be (1/1)/(14/602). Let p = r - 13. What is the greatest common factor of 12 and p?
6
Suppose -4*i + 2*f = -3*f - 495, -3*i = 5*f - 345. Suppose -30 = -p - 4*x, 7*p - 3*p = -2*x + i. What is the greatest common divisor of 20 and p?
10
Suppose 0 = 3*c + 12, 0 = -3*x + 2*c + 23 - 6. Let n be 110/6 + (-1)/x. Calculate the greatest common divisor of 18 and n.
18
Let y(j) = -5*j + 10. Let v be y(-4). Calculate the highest common divisor of 18 and v.
6
Suppose 0 = g - t - 3, 0*t = -4*g + 5*t + 15. Let u be 9/(-9)*(g + -2). What is the highest common factor of 22 and u?
2
Suppose 4*s = -16, -5*k - 3*s - 4 = -37. Suppose -6 = 2*o - 18. What is the highest common factor of o and k?
3
Let v be (-2)/(-2) - 1404/(-8 + 4). What is the highest common factor of 32 and v?
32
Suppose 3*b - 10*b = -189. Suppose 7*h - 1134 = -0*h. What is the greatest common factor of b and h?
27
Suppose -3*b = -3*z - 4*b + 117, -5*z - b = -195. Calculate the highest common divisor of 91 and z.
13
Let a be 1/((7 + -4)/9). What is the highest common factor of a and 51?
3
Let m = -29 - -59. Suppose -3*h - 2*f + 68 = -f, -4*h = -4*f - 48. Calculate the greatest common factor of m and h.
10
Suppose -3*b + 4*b - 129 = 2*x, -5*x = -5*b + 635. Suppose -8*o = -279 - 121. What is the highest common factor of o and b?
25
Let i = 154 + -111. Let z = i - 37. What is the greatest common factor of 10 and z?
2
Let b be (-4)/((-1570)/(-1575) + -1 + 0). What is the greatest common divisor of b and 70?
70
Suppose 67*t = 1768 + 912. Calculate the greatest common factor of t and 320.
40
Suppose -23*r + 19437 = -18145. Calculate the highest common divisor of r and 38.
38
Suppose 52 - 12 = d. Suppose d*j - 20 = 35*j. Calculate the highest common factor of 3 and j.
1
Suppose -4*f = -2*k + 100, 0 = -k + 4*f + 38 + 6. Suppose z - 4 = -q - z, -5*q = z - 11. Let v = q - -5. What is the highest common divisor of k and v?
7
Suppose -185 = -k - 2*o, 3*o = -k - 0*k + 180. What is the highest common factor of 325 and k?
65
Suppose 162*i = 140*i + 44. Suppose -j + 42 = -2*s, -5*j + 3*j - 4*s + 68 = 0. What is the greatest common divisor of j and i?
2
Let o(i) = i**2 -